
What is the greatest common factor of 31 and 1147?
31
Calculate the greatest common factor of 340 and 612.
68
Calculate the greatest common divisor of 8 and 1320.
8
Calculate the highest common factor of 15759 and 309.
309
What is the highest common factor of 288 and 32?
32
Calculate the greatest common factor of 80 and 1240.
40
Calculate the highest common factor of 44 and 803.
11
Calculate the highest common divisor of 385 and 2849.
77
What is the highest common divisor of 33 and 2013?
33
What is the highest common factor of 153 and 1003?
17
What is the greatest common divisor of 228 and 186?
6
What is the greatest common divisor of 12 and 2676?
12
What is the greatest common factor of 95 and 437?
19
What is the highest common divisor of 15 and 9?
3
What is the greatest common divisor of 57 and 39?
3
What is the highest common divisor of 3690 and 60?
30
Calculate the greatest common divisor of 1443 and 4107.
111
Calculate the greatest common factor of 874 and 69.
23
What is the highest common factor of 11613 and 147?
147
Calculate the highest common factor of 161 and 529.
23
Calculate the greatest common factor of 61162 and 106.
106
What is the highest common divisor of 8 and 362?
2
What is the greatest common divisor of 32 and 88?
8
Calculate the greatest common divisor of 77 and 11.
11
Calculate the highest common divisor of 44 and 44.
44
Calculate the highest common factor of 132 and 1188.
132
What is the highest common factor of 117 and 279?
9
What is the highest common factor of 168 and 492?
12
Calculate the greatest common factor of 312 and 984.
24
Calculate the greatest common factor of 76 and 836.
76
What is the greatest common divisor of 18 and 2934?
18
What is the highest common divisor of 1 and 1070?
1
Calculate the greatest common divisor of 378 and 6.
6
What is the highest common factor of 6 and 2307?
3
What is the highest common divisor of 72 and 198?
18
Calculate the greatest common factor of 1175 and 893.
47
What is the highest common divisor of 18 and 3?
3
Calculate the highest common divisor of 30 and 80.
10
What is the highest common factor of 399 and 42?
21
Calculate the greatest common factor of 4182 and 738.
246
Calculate the greatest common factor of 75 and 615.
15
Calculate the highest common divisor of 27 and 207.
9
What is the greatest common factor of 5047 and 1339?
103
Calculate the greatest common divisor of 27 and 675.
27
Calculate the greatest common factor of 2159 and 119.
17
What is the highest common factor of 43 and 2752?
43
Calculate the greatest common factor of 51 and 12087.
51
What is the highest common factor of 96 and 78?
6
Calculate the greatest common factor of 551 and 203.
29
What is the highest common divisor of 3106 and 1?
1
What is the greatest common factor of 1352 and 13?
13
What is the highest common divisor of 64 and 1216?
64
What is the highest common factor of 336 and 693?
21
What is the highest common factor of 434 and 62?
62
What is the highest common factor of 5 and 140?
5
Calculate the greatest common factor of 1003 and 17.
17
Calculate the greatest common divisor of 84 and 770.
14
Calculate the highest common factor of 3760 and 400.
80
Calculate the highest common divisor of 2 and 88.
2
Calculate the greatest common divisor of 280 and 50.
10
Calculate the highest common factor of 185 and 111.
37
What is the highest common divisor of 9676 and 472?
236
Calculate the highest common divisor of 4356 and 324.
36
Calculate the greatest common factor of 175 and 2425.
25
What is the greatest common factor of 1056 and 66?
66
What is the highest common factor of 784 and 16?
16
What is the highest common factor of 825 and 225?
75
What is the highest common factor of 13 and 16939?
13
Calculate the greatest common factor of 2209 and 94.
47
Calculate the highest common factor of 333 and 13875.
111
What is the greatest common factor of 1230 and 60?
30
What is the greatest common divisor of 450 and 525?
75
Calculate the greatest common factor of 833 and 51.
17
What is the highest common divisor of 900 and 2500?
100
What is the highest common factor of 1729 and 26?
13
What is the highest common divisor of 3 and 75?
3
What is the greatest common factor of 235 and 47?
47
What is the greatest common divisor of 10 and 15?
5
What is the greatest common factor of 4114 and 34?
34
Calculate the highest common factor of 77 and 242.
11
What is the greatest common divisor of 44 and 16?
4
Calculate the highest common factor of 1528 and 112.
8
What is the greatest common divisor of 9295 and 22?
11
Calculate the greatest common divisor of 312 and 48.
24
Calculate the greatest common factor of 825 and 5.
5
Calculate the highest common divisor of 42 and 84.
42
Calculate the highest common divisor of 602 and 42.
14
What is the highest common divisor of 29 and 8410?
29
Calculate the highest common divisor of 12 and 762.
6
Calculate the greatest common factor of 69 and 25691.
23
What is the greatest common factor of 70 and 35?
35
Calculate the highest common factor of 170 and 425.
85
Calculate the highest common factor of 66 and 138.
6
What is the greatest common factor of 195 and 20?
5
Calculate the highest common factor of 2 and 129.
1
What is the highest common divisor of 10 and 70?
10
Calculate the highest common divisor of 32 and 1136.
16
Calculate the highest common divisor of 540 and 20.
20
Calculate the greatest common factor of 6800 and 102.
34
What is the greatest common factor of 14 and 434?
14
What is the highest common factor of 2724 and 66?
6
What is the greatest common divisor of 204 and 1564?
68
What is the highest common factor of 80 and 5080?
40
What is the greatest common divisor of 990 and 342?
18
Calculate the highest common factor of 320 and 260.
20
Calculate the highest common divisor of 680 and 280.
40
Calculate the highest common divisor of 14 and 2366.
14
Calculate the greatest common factor of 8143 and 17.
17
What is the greatest common divisor of 12 and 67428?
12
What is the highest common divisor of 54334 and 28?
14
Calculate the highest common divisor of 480 and 450.
30
What is the highest common factor of 966 and 282?
6
Calculate the highest common factor of 204 and 1683.
51
Calculate the greatest common factor of 1278 and 36.
18
What is the highest common divisor of 3422 and 638?
58
Calculate the highest common factor of 511 and 7.
7
What is the highest common factor of 490 and 588?
98
What is the greatest common divisor of 76 and 152?
76
What is the greatest common factor of 90 and 210?
30
Calculate the highest common factor of 36 and 2070.
18
Calculate the highest common divisor of 120 and 216.
24
Calculate the highest common factor of 35 and 875.
35
Calculate the greatest common divisor of 5 and 5.
5
Calculate the greatest common factor of 44 and 8.
4
What is the greatest common factor of 960 and 30?
30
Calculate the highest common divisor of 1206 and 1072.
134
What is the highest common factor of 4084 and 4?
4
What is the highest common factor of 13 and 299?
13
Calculate the greatest common divisor of 2737 and 14.
7
What is the greatest common factor of 650 and 1450?
50
Calculate the greatest common divisor of 204 and 306.
102
Calculate the greatest common factor of 4006 and 4.
2
What is the greatest common factor of 70586 and 58?
58
Calculate the greatest common factor of 15 and 195.
15
Calculate the greatest common divisor of 36 and 516.
12
Calculate the greatest common divisor of 1400 and 70.
70
Calculate the greatest common divisor of 4722 and 6.
6
What is the highest common factor of 312 and 96?
24
Calculate the highest common factor of 32 and 2.
2
Calculate the highest common factor of 143 and 275.
11
Calculate the greatest common divisor of 56 and 140.
28
What is the greatest common divisor of 3584 and 364?
28
Calculate the highest common divisor of 2021 and 47.
47
Calculate the highest common factor of 80 and 90.
10
What is the highest common factor of 132 and 472?
4
Calculate the highest common factor of 1683 and 663.
51
Calculate the highest common divisor of 850 and 50.
50
Calculate the highest common factor of 270 and 7965.
135
What is the highest common divisor of 38 and 418?
38
What is the greatest common factor of 12 and 102?
6
Calculate the highest common factor o